36170?
3954
What is the greatest common divisor of 52464 and 3504?
48
What is the highest common factor of 33945 and 7920?
15
What is the highest common divisor of 241 and 546829?
241
What is the greatest common divisor of 729 and 73837413?
81
Calculate the highest common factor of 8339878 and 5104.
58
What is the greatest common divisor of 60474389 and 119?
17
What is the highest common factor of 13542090 and 170?
10
What is the greatest common factor of 21425309 and 49321?
1333
Calculate the highest common divisor of 90060815 and 1192.
149
Calculate the greatest common factor of 5220 and 867796.
116
What is the greatest common factor of 27914 and 17289?
17
Calculate the highest common factor of 530 and 729199175.
265
What is the highest common factor of 329756 and 602560?
28
What is the highest common divisor of 2249 and 119808?
13
Calculate the highest common divisor of 40 and 722350.
10
What is the highest common divisor of 20 and 396730060?
20
Calculate the greatest common factor of 189335 and 16055.
95
Calculate the highest common factor of 910 and 37429210.
910
Calculate the greatest common divisor of 7370348 and 4.
4
What is the highest common divisor of 20 and 14374620?
20
Calculate the greatest common factor of 119 and 173853883.
119
Calculate the greatest common divisor of 125664064 and 32.
32
Calculate the greatest common divisor of 73686 and 401674667.
12281
What is the highest common factor of 1008 and 5255964?
252
What is the highest common factor of 5924057 and 79332?
601
What is the highest common divisor of 6095902 and 4?
2
What is the greatest common divisor of 1524 and 613308?
12
Calculate the highest common factor of 104335 and 11766007.
2981
Calculate the greatest common divisor of 296726150 and 50.
50
Calculate the highest common factor of 49610 and 4208650.
410
What is the greatest common divisor of 3801 and 2675085?
21
Calculate the greatest common factor of 328 and 9206.
2
What is the greatest common factor of 879 and 78761037?
879
Calculate the highest common divisor of 10565 and 38730.
5
What is the greatest common factor of 48613792 and 256?
32
What is the greatest common factor of 83316 and 9241264?
524
Calculate the highest common divisor of 451840 and 82955.
1765
What is the greatest common divisor of 4363597 and 10355?
2071
What is the greatest common factor of 790385 and 45?
5
Calculate the greatest common divisor of 564 and 105355106.
94
Calculate the highest common divisor of 6262758 and 603.
603
Calculate the highest common factor of 9 and 113470479.
9
What is the highest common divisor of 836016 and 192?
48
What is the greatest common factor of 32065 and 821447?
583
Calculate the greatest common divisor of 405 and 23841000.
135
What is the greatest common divisor of 11319390 and 3460?
1730
Calculate the highest common divisor of 574926 and 223014.
2046
Calculate the greatest common factor of 555249 and 476484.
177
What is the greatest common factor of 34198332 and 7?
7
Calculate the highest common factor of 26 and 192966254.
26
Calculate the greatest common factor of 61224 and 552707313.
7653
What is the highest common factor of 14590 and 9920?
10
Calculate the greatest common divisor of 3882 and 238743.
1941
Calculate the greatest common factor of 7856788 and 3536.
68
Calculate the greatest common divisor of 90 and 2809962.
18
What is the greatest common divisor of 38150 and 3354911?
763
What is the greatest common divisor of 5474 and 7248290?
238
What is the highest common factor of 663772 and 44?
4
What is the highest common factor of 3350 and 1843438?
134
Calculate the highest common factor of 2856105 and 595.
35
What is the greatest common divisor of 534 and 30539994?
534
Calculate the highest common divisor of 151046 and 1106.
14
What is the highest common factor of 1071030 and 690?
30
What is the greatest common divisor of 3731 and 14137825?
533
Calculate the greatest common divisor of 11781 and 2901.
3
What is the highest common factor of 9411238 and 344?
86
Calculate the highest common divisor of 17489724 and 8496.
708
Calculate the highest common factor of 76102 and 1583507.
2927
What is the greatest common divisor of 48319869 and 2379?
2379
Calculate the highest common factor of 1552 and 34344208.
1552
Calculate the highest common divisor of 483784052 and 3076.
3076
What is the greatest common divisor of 37102202 and 922?
922
Calculate the greatest common divisor of 109714 and 1408.
22
What is the highest common factor of 91451175 and 45?
15
Calculate the greatest common factor of 247660 and 2687720.
4060
Calculate the greatest common divisor of 9350718 and 26.
26
What is the highest common factor of 12692 and 1462721270?
6346
Calculate the highest common factor of 40722443 and 1067.
97
Calculate the highest common factor of 6243220 and 45.
5
Calculate the greatest common factor of 285 and 54765885.
285
What is the greatest common divisor of 960 and 366315?
15
What is the greatest common divisor of 224 and 28933240?
56
Calculate the highest common divisor of 36 and 28957266.
18
Calculate the highest common divisor of 77986690 and 20.
10
Calculate the greatest common factor of 18458086 and 6595.
1319
What is the greatest common factor of 88796415 and 240?
15
Calculate the highest common divisor of 290887355 and 7810.
3905
What is the greatest common divisor of 4290 and 4137510?
390
Calculate the highest common factor of 4140640 and 17080.
280
What is the highest common divisor of 164032 and 94336?
704
Calculate the highest common divisor of 1265 and 19969.
1
Calculate the highest common factor of 154 and 9535036.
14
Calculate the highest common factor of 688 and 109331972.
172
What is the greatest common divisor of 6970225 and 15?
5
What is the highest common divisor of 273376388 and 2958?
986
What is the greatest common divisor of 11520 and 11692080?
720
What is the greatest common divisor of 134 and 147724?
2
What is the highest common factor of 157112 and 96075904?
3832
What is the highest common factor of 1055 and 905?
5
Calculate the greatest common factor of 75144912 and 60.
12
What is the greatest common divisor of 896363 and 16549?
247
Calculate the greatest common factor of 6520 and 1002467930.
1630
Calculate the greatest common factor of 10 and 23036905.
5
What is the greatest common divisor of 12525 and 43635?
15
Calculate the highest common divisor of 24142092 and 989.
43
What is the greatest common factor of 440858 and 94667?
691
Calculate the highest common divisor of 146129579 and 12412.
3103
What is the greatest common factor of 335716 and 150178?
34
What is the greatest common divisor of 6 and 65379444?
6
Calculate the greatest common divisor of 346 and 517644.
2
What is the greatest common divisor of 2523 and 16773?
3
What is the highest common divisor of 160 and 101447480?
40
Calculate the highest common divisor of 3228 and 49256052.
3228
What is the highest common divisor of 918588 and 396?
132
Calculate the highest common divisor of 3438 and 28896008.
382
What is the highest common factor of 11016 and 40069323?
1377
What is the greatest common divisor of 227153140 and 16135?
2305
Calculate the highest common divisor of 25 and 117358900.
25
Calculate the highest common divisor of 11335547 and 10673.
821
Calculate the greatest common factor of 47753 and 7582.
17
What is the greatest common factor of 36 and 47609976?
12
What is the greatest common divisor of 4124985 and 195?
15
What is the highest common factor of 446738997 and 174?
87
Calculate the highest common factor of 25074 and 1441357.
199
What is the highest common factor of 58378 and 1184662?
34
What is the highest common factor of 9021561 and 6357?
489
What is the greatest common divisor of 13000 and 53309360?
520
What is the highest common divisor of 4184652179 and 29?
29
Calculate the highest common divisor of 20585824 and 1856.
928
What is the highest common factor of 1137462836 and 164?
164
What is the highest common factor of 3267 and 5988411?
3267
Calculate the greatest common divisor of 1956 and 380460.
12
Calculate the greatest common divisor of 75235222 and 4274.
4274
Calculate the greatest common divisor of 401748 and 3012.
12
Calculate the highest common factor of 19396 and 17303.
13
Calculate the great